it of 11917?
1
What is the units digit of 24713?
3
What is the tens digit of 5709?
0
What is the units digit of 7693?
3
What is the tens digit of 12366?
6
What is the tens digit of 557?
5
What is the thousands digit of 7896?
7
What is the hundreds digit of 2525?
5
What is the tens digit of 9222?
2
What is the thousands digit of 3765?
3
What is the units digit of 14137?
7
What is the thousands digit of 5057?
5
What is the units digit of 22891?
1
What is the tens digit of 154189?
8
What is the units digit of 118994?
4
What is the units digit of 1778?
8
What is the thousands digit of 1263?
1
What is the units digit of 3633?
3
What is the tens digit of 370?
7
What is the tens digit of 3719?
1
What is the units digit of 2411?
1
What is the hundreds digit of 9866?
8
What is the units digit of 365?
5
What is the tens digit of 500?
0
What is the thousands digit of 2398?
2
What is the tens digit of 2393?
9
What is the hundreds digit of 2071?
0
What is the tens digit of 6310?
1
What is the hundreds digit of 7719?
7
What is the units digit of 1033?
3
What is the tens digit of 69261?
6
What is the hundreds digit of 7729?
7
What is the tens digit of 2914?
1
What is the hundreds digit of 13866?
8
What is the units digit of 447?
7
What is the ten thousands digit of 88232?
8
What is the thousands digit of 9041?
9
What is the thousands digit of 4830?
4
What is the tens digit of 16488?
8
What is the thousands digit of 7592?
7
What is the units digit of 8677?
7
What is the hundreds digit of 16444?
4
What is the ten thousands digit of 46228?
4
What is the units digit of 286?
6
What is the tens digit of 1146?
4
What is the thousands digit of 2344?
2
What is the tens digit of 23668?
6
What is the thousands digit of 20094?
0
What is the units digit of 620?
0
What is the tens digit of 164?
6
What is the tens digit of 3223?
2
What is the tens digit of 3046?
4
What is the hundreds digit of 1893?
8
What is the hundreds digit of 21067?
0
What is the units digit of 2?
2
What is the tens digit of 2019?
1
What is the tens digit of 194?
9
What is the thousands digit of 2152?
2
What is the hundreds digit of 115609?
6
What is the units digit of 878?
8
What is the tens digit of 16507?
0
What is the hundreds digit of 36815?
8
What is the units digit of 1113?
3
What is the tens digit of 725?
2
What is the hundreds digit of 17041?
0
What is the thousands digit of 9243?
9
What is the units digit of 21838?
8
What is the thousands digit of 1725?
1
What is the hundreds digit of 73503?
5
What is the units digit of 24234?
4
What is the tens digit of 153?
5
What is the hundreds digit of 19587?
5
What is the units digit of 799?
9
What is the thousands digit of 5763?
5
What is the tens digit of 1027?
2
What is the hundreds digit of 137765?
7
What is the ten thousands digit of 21166?
2
What is the thousands digit of 24746?
4
What is the units digit of 147443?
3
What is the hundreds digit of 12980?
9
What is the units digit of 14773?
3
What is the units digit of 4161?
1
What is the ten thousands digit of 19489?
1
What is the units digit of 20537?
7
What is the tens digit of 27308?
0
What is the hundreds digit of 17255?
2
What is the tens digit of 37454?
5
What is the hundreds digit of 5638?
6
What is the tens digit of 85?
8
What is the units digit of 23068?
8
What is the thousands digit of 1309?
1
What is the units digit of 89704?
4
What is the tens digit of 1416?
1
What is the hundreds digit of 2620?
6
What is the hundred thousands digit of 118795?
1
What is the tens digit of 94551?
5
What is the units digit of 719?
9
What is the units digit of 18804?
4
What is the thousands digit of 2995?
2
What is the units digit of 918?
8
What is the ten thousands digit of 128980?
2
What is the tens digit of 2444?
4
What is the tens digit of 7176?
7
What is the hundreds digit of 4365?
3
What is the units digit of 4521?
1
What is the hundreds digit of 93071?
0
What is the thousands digit of 7734?
7
What is the hundreds digit of 2532?
5
What is the thousands digit of 1097?
1
What is the hundreds digit of 6645?
6
What is the tens digit of 116350?
5
What is the units digit of 6869?
9
What is the units digit of 10442?
2
What is the units digit of 20?
0
What is the tens digit of 1425?
2
What is the units digit of 63626?
6
What is the tens digit of 5727?
2
What is the hundreds digit of 6971?
9
What is the units digit of 13117?
7
What is the tens digit of 72?
7
What is the thousands digit of 3861?
3
What is the units digit of 783?
3
What is the thousands digit of 1734?
1
What is the tens digit of 2402?
0
What is the units digit of 4206?
6
What is the tens digit of 1576?
7
What is the thousands digit of 38266?
8
What is the tens digit of 8103?
0
What is the tens digit of 772?
7
What is the hundreds digit of 2985?
9
What is the thousands digit of 1939?
1
What is the tens digit of 314?
1
What is the units digit of 18594?
4
What is the tens digit of 84043?
4
What is the hundreds digit of 1428?
4
What is the units digit of 996?
6
What is the tens digit of 2175?
7
What is the hundreds digit of 6755?
7
What is the tens digit of 5654?
5
What is the tens digit of 1748?
4
What is the hundreds digit of 9281?
2
What is the tens digit of 71287?
8
What is the tens digit of 1795?
9
What is the hundreds digit of 328?
3
What is the thousands digit of 9652?
9
What is the hundreds digit of 1703?
7
What is the thousands digit of 10351?
0
What is the hundreds digit of 1378?
3
What is the hundreds digit of 50866?
8
What is the units digit of 14323?
3
What is the tens digit of 18946?
4
What is the thousands digit of 4552?
4
What is the thousands digit of 2162?
2
What is the units digit of 49454?
4
What is the thousands digit of 1185?
1
What is the thousands digit of 11074?
1
What is the hundreds digit of 5119?
1
What is the tens digit of 87980?
8
What is the hundreds digit of 2790?
7
What is the tens digit of 1352?
5
What is the hundreds digit of 32955?
9
What is the units digit of 267?
7
What is the hundreds digit of 2090?
0
What is the hundreds digit of 3616?
6
What is the units digit of 8?
8
What is the hundreds digit of 1918?
9
What is the hundreds digit of 4667?
6
What is the hundreds digit of 717?
7
What is the tens digit of 1608?
0
What is the thousands digit of 34662?
4
What is the tens digit of 1768?
6
What is the units digit of 25959?
9
What is the ten thousands digit of 41318?
4
What is the units digit of 551?
1
What is the units digit of 704?
4
What is the units digit of 52?
2
What is the hundreds digit of 1138?
1
What is the thousands digit of 10440?
0
What is the hundreds digit of 33257?
2
What is the ten thousands digit of 78388?
7
What is the ten thousands digit of 153745?
5
What is the thousands digit of 44304?
4
What is the hundreds digit of 3654?
6
What is the thousands digit of 8429?
8
What is the tens digit of 10955?
5
What is the thousands digit of 19857?
9
What is the ten thousands digit of 45116?
4
What is the tens digit of 22941?
4
What is the units digit of 6418?
8
What is the thousands digit of 7281?
7
What is the units digit of 496?
6
What is the hundreds digit of 47371?
3
What is the tens digit of 130?
3
What is the units digit of 55097?
7
What is the units digit of 6926?
6
What is the units digit of 6975?
5
What is the tens digit of 15140?
4
What is the tens digit of 855?
5
What is the hundreds digit of 11557?
5
What is the units digit of 133?
3
What is the units digit of 4097?
7
What is the thousands digit of 72257?
2
What is the thousands digit of 7185?
7
What is the tens digit of 629?
2
What is the tens digit of 1654?
5
What is the ten thousands digit of 11275?
1
What is the ten thousands digit of 33275?
3
What is the hundreds digit of 37347?
3
What is the hundreds digit of 2760?
7
What is the tens digit of 5634?
3
What is the thousands digit of 51156?
1
What is the thousands digit of 47062?
7
What is the units digit of 779?
9
What is the ten thousands digit of 28597?
2
What is the thousands digit of 18225?
8
What is the units digit of 6032?
2
What is the units digit of 481?
1
What is the units digit of 9439?
9
What is the hundred thousands digit of 131010?
1
What is the units digit of 469?
9
What is the hundreds digit of 362?
3
What is the units digit of 2180?
0
What is the tens digit of 13613?
1